[INFO] fetching crate range-set-blaze 0.1.5...
[INFO] checking range-set-blaze-0.1.5 against master#e6e4f7ed1589e03bc2f6c5931c1a72e7947e8682 for beta-170-4
[INFO] extracting crate range-set-blaze 0.1.5 into /workspace/builds/worker-6-tc2/source
[INFO] validating manifest of crates.io crate range-set-blaze 0.1.5 on toolchain e6e4f7ed1589e03bc2f6c5931c1a72e7947e8682
[INFO] running `Command { std: CARGO_HOME="/workspace/cargo-home" RUSTUP_HOME="/workspace/rustup-home" "/workspace/cargo-home/bin/cargo" "+e6e4f7ed1589e03bc2f6c5931c1a72e7947e8682" "metadata" "--manifest-path" "Cargo.toml" "--no-deps", kill_on_drop: false }`
[INFO] started tweaking crates.io crate range-set-blaze 0.1.5
[INFO] finished tweaking crates.io crate range-set-blaze 0.1.5
[INFO] tweaked toml for crates.io crate range-set-blaze 0.1.5 written to /workspace/builds/worker-6-tc2/source/Cargo.toml
[INFO] crate crates.io crate range-set-blaze 0.1.5 already has a lockfile, it will not be regenerated
[INFO] running `Command { std: CARGO_HOME="/workspace/cargo-home" RUSTUP_HOME="/workspace/rustup-home" "/workspace/cargo-home/bin/cargo" "+e6e4f7ed1589e03bc2f6c5931c1a72e7947e8682" "fetch" "--manifest-path" "Cargo.toml", kill_on_drop: false }`
[INFO] running `Command { std: "docker" "create" "-v" "/var/lib/crater-agent-workspace/builds/worker-6-tc2/target:/opt/rustwide/target:rw,Z" "-v" "/var/lib/crater-agent-workspace/builds/worker-6-tc2/source:/opt/rustwide/workdir:ro,Z" "-v" "/var/lib/crater-agent-workspace/cargo-home:/opt/rustwide/cargo-home:ro,Z" "-v" "/var/lib/crater-agent-workspace/rustup-home:/opt/rustwide/rustup-home:ro,Z" "-e" "SOURCE_DIR=/opt/rustwide/workdir" "-e" "CARGO_TARGET_DIR=/opt/rustwide/target" "-e" "CARGO_HOME=/opt/rustwide/cargo-home" "-e" "RUSTUP_HOME=/opt/rustwide/rustup-home" "-w" "/opt/rustwide/workdir" "-m" "1610612736" "--user" "0:0" "--network" "none" "ghcr.io/rust-lang/crates-build-env/linux@sha256:19e73879b68f455e41552ea35293514db52ea292d993f571636dbffedb77a1ee" "/opt/rustwide/cargo-home/bin/cargo" "+e6e4f7ed1589e03bc2f6c5931c1a72e7947e8682" "metadata" "--no-deps" "--format-version=1", kill_on_drop: false }`
[INFO] [stdout] bea528ce6fb867d318518912c13315bf2b4d5ecdff07bf29520b008c3256073a
[INFO] running `Command { std: "docker" "start" "-a" "bea528ce6fb867d318518912c13315bf2b4d5ecdff07bf29520b008c3256073a", kill_on_drop: false }`
[INFO] running `Command { std: "docker" "inspect" "bea528ce6fb867d318518912c13315bf2b4d5ecdff07bf29520b008c3256073a", kill_on_drop: false }`
[INFO] running `Command { std: "docker" "rm" "-f" "bea528ce6fb867d318518912c13315bf2b4d5ecdff07bf29520b008c3256073a", kill_on_drop: false }`
[INFO] [stdout] bea528ce6fb867d318518912c13315bf2b4d5ecdff07bf29520b008c3256073a
[INFO] running `Command { std: "docker" "create" "-v" "/var/lib/crater-agent-workspace/builds/worker-6-tc2/target:/opt/rustwide/target:rw,Z" "-v" "/var/lib/crater-agent-workspace/builds/worker-6-tc2/source:/opt/rustwide/workdir:ro,Z" "-v" "/var/lib/crater-agent-workspace/cargo-home:/opt/rustwide/cargo-home:ro,Z" "-v" "/var/lib/crater-agent-workspace/rustup-home:/opt/rustwide/rustup-home:ro,Z" "-e" "SOURCE_DIR=/opt/rustwide/workdir" "-e" "CARGO_TARGET_DIR=/opt/rustwide/target" "-e" "CARGO_INCREMENTAL=0" "-e" "RUST_BACKTRACE=full" "-e" "RUSTFLAGS=--cap-lints=forbid" "-e" "RUSTDOCFLAGS=--cap-lints=forbid" "-e" "CARGO_HOME=/opt/rustwide/cargo-home" "-e" "RUSTUP_HOME=/opt/rustwide/rustup-home" "-w" "/opt/rustwide/workdir" "-m" "1610612736" "--user" "0:0" "--network" "none" "ghcr.io/rust-lang/crates-build-env/linux@sha256:19e73879b68f455e41552ea35293514db52ea292d993f571636dbffedb77a1ee" "/opt/rustwide/cargo-home/bin/cargo" "+e6e4f7ed1589e03bc2f6c5931c1a72e7947e8682" "check" "--frozen" "--all" "--all-targets" "--message-format=json", kill_on_drop: false }`
[INFO] [stdout] 4113915c291ce9718ec8ee47f685d5745465f384269a01d66ce52fa1f478c75f
[INFO] running `Command { std: "docker" "start" "-a" "4113915c291ce9718ec8ee47f685d5745465f384269a01d66ce52fa1f478c75f", kill_on_drop: false }`
[INFO] [stderr]    Compiling proc-macro2 v1.0.56
[INFO] [stderr]    Compiling libc v0.2.141
[INFO] [stderr]    Compiling serde v1.0.160
[INFO] [stderr]     Checking either v1.8.1
[INFO] [stderr]    Compiling serde_json v1.0.95
[INFO] [stderr]     Checking regex-syntax v0.6.29
[INFO] [stderr]    Compiling rayon-core v1.11.0
[INFO] [stderr]     Checking ppv-lite86 v0.2.17
[INFO] [stderr]     Checking crossbeam-channel v0.5.8
[INFO] [stderr]    Compiling num-integer v0.1.45
[INFO] [stderr]    Compiling ref-cast v1.0.16
[INFO] [stderr]     Checking os_str_bytes v6.5.0
[INFO] [stderr]    Compiling trybuild v1.0.80
[INFO] [stderr]     Checking inplace-vec-builder v0.1.1
[INFO] [stderr]     Checking binary-merge v0.1.2
[INFO] [stderr]     Checking glob v0.3.1
[INFO] [stderr]     Checking gen_ops v0.3.0
[INFO] [stderr]     Checking range-set v0.0.9
[INFO] [stderr]     Checking rangemap v1.3.0
[INFO] [stderr]     Checking itertools v0.10.5
[INFO] [stderr]     Checking thousands v0.2.0
[INFO] [stderr]     Checking clap_lex v0.2.4
[INFO] [stderr]     Checking clap v3.2.23
[INFO] [stderr]    Compiling quote v1.0.26
[INFO] [stderr]     Checking regex v1.7.3
[INFO] [stderr]    Compiling syn v2.0.14
[INFO] [stderr]    Compiling syn v1.0.109
[INFO] [stderr]     Checking getrandom v0.2.9
[INFO] [stderr]     Checking num_cpus v1.15.0
[INFO] [stderr]     Checking atty v0.2.14
[INFO] [stderr]     Checking rand_core v0.6.4
[INFO] [stderr]     Checking rand_chacha v0.3.1
[INFO] [stderr]     Checking criterion-plot v0.5.0
[INFO] [stderr]     Checking rand v0.8.5
[INFO] [stderr]     Checking rayon v1.7.0
[INFO] [stderr]     Checking env_logger v0.8.4
[INFO] [stderr]     Checking quickcheck v1.0.3
[INFO] [stderr]    Compiling serde_derive v1.0.160
[INFO] [stderr]    Compiling ref-cast-impl v1.0.16
[INFO] [stderr]    Compiling thiserror-impl v1.0.40
[INFO] [stderr]     Checking range-collections v0.4.0
[INFO] [stderr]     Checking thiserror v1.0.40
[INFO] [stderr]     Checking range-set-blaze v0.1.5 (/opt/rustwide/workdir)
[INFO] [stderr]    Compiling syntactic-for v0.1.1
[INFO] [stderr]    Compiling quickcheck_macros v1.0.0
[INFO] [stderr]     Checking basic-toml v0.1.2
[INFO] [stderr]     Checking ciborium v0.2.0
[INFO] [stderr]     Checking tinytemplate v1.2.1
[INFO] [stderr]     Checking criterion v0.4.0
[INFO] [stdout] error[E0432]: unresolved import `tests_common`
[INFO] [stdout]   --> benches/bench.rs:23:5
[INFO] [stdout]    |
[INFO] [stdout] 23 | use tests_common::{k_sets, width_to_range, How, MemorylessIter, MemorylessRange};
[INFO] [stdout]    |     ^^^^^^^^^^^^ use of undeclared crate or module `tests_common`
[INFO] [stdout] 
[INFO] [stdout] 
[INFO] [stdout] error[E0432]: unresolved import `tests_common`
[INFO] [stdout]   --> tests/integration_test.rs:15:5
[INFO] [stdout]    |
[INFO] [stdout] 15 | use tests_common::{k_sets, width_to_range, How, MemorylessIter, MemorylessRange};
[INFO] [stdout]    |     ^^^^^^^^^^^^ use of undeclared crate or module `tests_common`
[INFO] [stdout] 
[INFO] [stdout] 
[INFO] [stdout] error[E0432]: unresolved import `tests_common`
[INFO] [stdout]   --> src/tests.rs:20:5
[INFO] [stdout]    |
[INFO] [stdout] 20 | use tests_common::{How, MemorylessIter, MemorylessRange};
[INFO] [stdout]    |     ^^^^^^^^^^^^ use of undeclared crate or module `tests_common`
[INFO] [stdout] 
[INFO] [stdout] 
[INFO] [stdout] warning: unused import: `SortedDisjoint`
[INFO] [stdout]   --> benches/bench.rs:21:63
[INFO] [stdout]    |
[INFO] [stdout] 21 | use range_set_blaze::{prelude::*, DynSortedDisjoint, Integer, SortedDisjoint};
[INFO] [stdout]    |                                                               ^^^^^^^^^^^^^^
[INFO] [stdout]    |
[INFO] [stdout]    = note: `#[warn(unused_imports)]` on by default
[INFO] [stdout] 
[INFO] [stdout] 
[INFO] [stdout] error: aborting due to previous error; 1 warning emitted
[INFO] [stdout] 
[INFO] [stdout] 
[INFO] [stdout] For more information about this error, try `rustc --explain E0432`.
[INFO] [stdout] 
[INFO] [stderr] error: could not compile `range-set-blaze` (bench "bench") due to 2 previous errors; 1 warning emitted
[INFO] [stderr] warning: build failed, waiting for other jobs to finish...
[INFO] [stdout] error: aborting due to previous error
[INFO] [stdout] 
[INFO] [stdout] 
[INFO] [stdout] For more information about this error, try `rustc --explain E0432`.
[INFO] [stdout] 
[INFO] [stderr] error: could not compile `range-set-blaze` (test "integration_test") due to 2 previous errors
[INFO] [stdout] error: aborting due to previous error
[INFO] [stdout] 
[INFO] [stdout] 
[INFO] [stdout] For more information about this error, try `rustc --explain E0432`.
[INFO] [stdout] 
[INFO] [stderr] error: could not compile `range-set-blaze` (lib test) due to 2 previous errors
[INFO] running `Command { std: "docker" "inspect" "4113915c291ce9718ec8ee47f685d5745465f384269a01d66ce52fa1f478c75f", kill_on_drop: false }`
[INFO] running `Command { std: "docker" "rm" "-f" "4113915c291ce9718ec8ee47f685d5745465f384269a01d66ce52fa1f478c75f", kill_on_drop: false }`
[INFO] [stdout] 4113915c291ce9718ec8ee47f685d5745465f384269a01d66ce52fa1f478c75f
